{"id":130,"date":"2019-06-07T17:21:11","date_gmt":"2019-06-07T15:21:11","guid":{"rendered":"http:\/\/www.illustrateur.pro\/?page_id=130"},"modified":"2025-02-11T15:36:11","modified_gmt":"2025-02-11T14:36:11","slug":"portfolio-illustrateur-3d","status":"publish","type":"page","link":"https:\/\/www.illustrateur.pro\/index.php\/portfolio-illustrateur-3d\/","title":{"rendered":"Portfolio"},"content":{"rendered":"<p>[et_pb_section fb_built=\u00a0\u00bb1&Prime; fullwidth=\u00a0\u00bbon\u00a0\u00bb admin_label=\u00a0\u00bbHeader Section\u00a0\u00bb _builder_version=\u00a0\u00bb4.22.2&Prime; background_color=\u00a0\u00bb#ffffff\u00a0\u00bb custom_padding=\u00a0\u00bb|||\u00a0\u00bb hover_enabled=\u00a0\u00bb0&Prime; locked=\u00a0\u00bboff\u00a0\u00bb global_colors_info=\u00a0\u00bb{}\u00a0\u00bb inner_shadow=\u00a0\u00bbon\u00a0\u00bb sticky_enabled=\u00a0\u00bb0&Prime;][et_pb_fullwidth_header title=\u00a0\u00bbBienvenue sur ma page portfolio d&rsquo;illustrateur 3D.\u00a0\u00bb background_overlay_color=\u00a0\u00bbrgba(0,0,0,0)\u00a0\u00bb _builder_version=\u00a0\u00bb4.16&Prime; title_font=\u00a0\u00bb||||||||\u00a0\u00bb title_text_color=\u00a0\u00bb#ffffff\u00a0\u00bb content_font=\u00a0\u00bbAcme||||||||\u00a0\u00bb content_text_color=\u00a0\u00bb#ffffff\u00a0\u00bb subhead_font=\u00a0\u00bb||||||||\u00a0\u00bb subhead_text_color=\u00a0\u00bbrgba(0,0,0,0)\u00a0\u00bb global_colors_info=\u00a0\u00bb{}\u00a0\u00bb]<\/p>\n<p style=\"margin-top: 0pt; margin-bottom: 7pt; font-family: 'Source Sans Pro'; font-size: 10.5pt; color: #fff;\"><span style=\"background: none;\">Cette page regroupe des <strong>visuels<\/strong> et des<strong> vid\u00e9os<\/strong> issus des projets que j&rsquo;ai pu r\u00e9aliser comme<strong> illustrateur freelance 3D et graphiste concepteur<\/strong><\/span><span style=\"background: none;\"><strong>\u00a0ind\u00e9pendant<\/strong> sur Paris. <br \/>Ce book en ligne est mis \u00e0 jour lorsque les NDA sont lev\u00e9s et que mes projets en cours me le permettent<\/span><span style=\"background: none;\">.<\/span><\/p>\n<p>[\/et_pb_fullwidth_header][\/et_pb_section][et_pb_section fb_built=\u00a0\u00bb1&Prime; admin_label=\u00a0\u00bbProducts Section\u00a0\u00bb _builder_version=\u00a0\u00bb4.16&Prime; background_color=\u00a0\u00bb#ffffff\u00a0\u00bb min_height=\u00a0\u00bb200px\u00a0\u00bb custom_padding=\u00a0\u00bb50px|0px|50px|0px\u00a0\u00bb background_last_edited=\u00a0\u00bboff|desktop\u00a0\u00bb global_colors_info=\u00a0\u00bb{}\u00a0\u00bb][et_pb_row _builder_version=\u00a0\u00bb4.16&Prime; global_colors_info=\u00a0\u00bb{}\u00a0\u00bb][et_pb_column type=\u00a0\u00bb4_4&Prime; _builder_version=\u00a0\u00bb4.16&Prime; custom_padding=\u00a0\u00bb|||\u00a0\u00bb global_colors_info=\u00a0\u00bb{}\u00a0\u00bb custom_padding__hover=\u00a0\u00bb|||\u00a0\u00bb][et_pb_portfolio fullwidth=\u00a0\u00bboff\u00a0\u00bb posts_number=\u00a0\u00bb24&Prime; include_categories=\u00a0\u00bb6,7,19,all,8,18,26,17&Prime; show_title=\u00a0\u00bboff\u00a0\u00bb show_categories=\u00a0\u00bboff\u00a0\u00bb show_pagination=\u00a0\u00bboff\u00a0\u00bb _builder_version=\u00a0\u00bb4.16&Prime; global_colors_info=\u00a0\u00bb{}\u00a0\u00bb][\/et_pb_portfolio][\/et_pb_column][\/et_pb_row][\/et_pb_section]<\/p>\n","protected":false},"excerpt":{"rendered":"<p>Cette page regroupe des visuels et des vid\u00e9os issus des projets que j&rsquo;ai pu r\u00e9aliser comme illustrateur freelance 3D et graphiste concepteur\u00a0ind\u00e9pendant sur Paris. Ce book en ligne est mis \u00e0 jour lorsque les NDA sont lev\u00e9s et que mes projets en cours me le permettent.<\/p>\n","protected":false},"author":1,"featured_media":0,"parent":0,"menu_order":2,"comment_status":"closed","ping_status":"closed","template":"","meta":{"_et_pb_use_builder":"on","_et_pb_old_content":"","_et_gb_content_width":"","footnotes":""},"class_list":["post-130","page","type-page","status-publish","hentry"],"_links":{"self":[{"href":"https:\/\/www.illustrateur.pro\/index.php\/wp-json\/wp\/v2\/pages\/130","targetHints":{"allow":["GET"]}}],"collection":[{"href":"https:\/\/www.illustrateur.pro\/index.php\/wp-json\/wp\/v2\/pages"}],"about":[{"href":"https:\/\/www.illustrateur.pro\/index.php\/wp-json\/wp\/v2\/types\/page"}],"author":[{"embeddable":true,"href":"https:\/\/www.illustrateur.pro\/index.php\/wp-json\/wp\/v2\/users\/1"}],"replies":[{"embeddable":true,"href":"https:\/\/www.illustrateur.pro\/index.php\/wp-json\/wp\/v2\/comments?post=130"}],"version-history":[{"count":2,"href":"https:\/\/www.illustrateur.pro\/index.php\/wp-json\/wp\/v2\/pages\/130\/revisions"}],"predecessor-version":[{"id":1158,"href":"https:\/\/www.illustrateur.pro\/index.php\/wp-json\/wp\/v2\/pages\/130\/revisions\/1158"}],"wp:attachment":[{"href":"https:\/\/www.illustrateur.pro\/index.php\/wp-json\/wp\/v2\/media?parent=130"}],"curies":[{"name":"wp","href":"https:\/\/api.w.org\/{rel}","templated":true}]}}

<p>[et_pb_section fb_built= »1&Prime; fullwidth= »on » admin_label= »Header Section » _builder_version= »4.22.2&Prime; background_color= »#ffffff » custom_padding= »||| » hover_enabled= »0&Prime; locked= »off » global_colors_info= »{} » inner_shadow= »on » sticky_enabled= »0&Prime;][et_pb_fullwidth_header title= »Bienvenue sur ma page portfolio d&rsquo;illustrateur 3D. » background_overlay_color= »rgba(0,0,0,0) » _builder_version= »4.16&Prime; title_font= »|||||||| » title_text_color= »#ffffff » content_font= »Acme|||||||| » content_text_color= »#ffffff » subhead_font= »|||||||| » subhead_text_color= »rgba(0,0,0,0) » global_colors_info= »{} »]</p>
<p style="margin-top: 0pt; margin-bottom: 7pt; font-family: 'Source Sans Pro'; font-size: 10.5pt; color: #fff;"><span style="background: none;">Cette page regroupe des <strong>visuels</strong> et des<strong> vidéos</strong> issus des projets que j&rsquo;ai pu réaliser comme<strong> illustrateur freelance 3D et graphiste concepteur</strong></span><span style="background: none;"><strong> indépendant</strong> sur Paris. <br />Ce book en ligne est mis à jour lorsque les NDA sont levés et que mes projets en cours me le permettent</span><span style="background: none;">.</span></p>
<p>[/et_pb_fullwidth_header][/et_pb_section][et_pb_section fb_built= »1&Prime; admin_label= »Products Section » _builder_version= »4.16&Prime; background_color= »#ffffff » min_height= »200px » custom_padding= »50px|0px|50px|0px » background_last_edited= »off|desktop » global_colors_info= »{} »][et_pb_row _builder_version= »4.16&Prime; global_colors_info= »{} »][et_pb_column type= »4_4&Prime; _builder_version= »4.16&Prime; custom_padding= »||| » global_colors_info= »{} » custom_padding__hover= »||| »][et_pb_portfolio fullwidth= »off » posts_number= »24&Prime; include_categories= »6,7,19,all,8,18,26,17&Prime; show_title= »off » show_categories= »off » show_pagination= »off » _builder_version= »4.16&Prime; global_colors_info= »{} »][/et_pb_portfolio][/et_pb_column][/et_pb_row][/et_pb_section]</p>

<p>Cette page regroupe des visuels et des vidéos issus des projets que j&rsquo;ai pu réaliser comme illustrateur freelance 3D et graphiste concepteur indépendant sur Paris. Ce book en ligne est mis à jour lorsque les NDA sont levés et que mes projets en cours me le permettent.</p>
